12
2
Convert 83 (base 16) to base 5.
1011
Convert 111100 (base 2) to base 5.
220
1 (base 3) to base 8
1
100001110 (base 2) to base 3
101000
What is -4 (base 8) in base 6?
-4
120 (base 7) to base 8
77
Convert -58 (base 11) to base 6.
-143
b (base 12) to base 15
b
What is 31 (base 7) in base 3?
211
-5 (base 11) to base 5
-10
Convert 12 (base 14) to base 6.
24
-160 (base 10) to base 16
-a0
-1 (base 14) to base 16
-1
What is -246 (base 7) in base 13?
-a2
90 (base 10) to base 15
60
Convert 4 (base 6) to base 11.
4
What is 28 (base 14) in base 12?
30
-2 (base 11) to base 8
-2
-1 (base 7) to base 16
-1
13 (base 11) to base 3
112
-11 (base 2) to base 5
-3
Convert 21 (base 4) to base 14.
9
Convert f (base 16) to base 4.
33
What is 8 (base 16) in base 5?
13
21 (base 7) to base 13
12
What is 2 (base 4) in base 10?
2
Convert 15 (base 9) to base 2.
1110
What is 10 (base 16) in base 7?
22
1c (base 16) to base 3
1001
What is 2 (base 6) in base 11?
2
71 (base 9) to base 5
224
What is -8 (base 16) in base 8?
-10
What is 0 (base 16) in base 7?
0
What is -6 (base 12) in base 16?
-6
20110 (base 3) to base 9
213
311 (base 7) to base 4
2123
-65 (base 13) to base 15
-58
0 (base 3) to base 9
0
-92 (base 14) to base 10
-128
Convert -35 (base 7) to base 9.
-28
10 (base 5) to base 7
5
Convert 14 (base 5) to base 7.
12
1 (base 7) to base 15
1
What is 6 (base 16) in base 3?
20
What is 125 (base 6) in base 7?
104
-27 (base 13) to base 12
-29
8 (base 15) to base 10
8
Convert -37 (base 11) to base 16.
-28
What is -174 (base 15) in base 12?
-23a
What is 0 (base 3) in base 15?
0
4 (base 15) to base 8
4
Convert 1 (base 2) to base 12.
1
What is 0 (base 2) in base 5?
0
-75 (base 9) to base 7
-125
Convert -3 (base 7) to base 5.
-3
60 (base 7) to base 6
110
2b (base 15) to base 4
221
What is 31 (base 7) in base 3?
211
What is -d (base 16) in base 12?
-11
24 (base 16) to base 2
100100
Convert 46 (base 7) to base 3.
1021
Convert 77 (base 12) to base 5.
331
Convert 8 (base 9) to base 6.
12
Convert -2 (base 14) to base 6.
-2
Convert 5 (base 12) to base 6.
5
Convert -10110110 (base 2) to base 5.
-1212
Convert -20 (base 3) to base 12.
-6
Convert -d (base 15) to base 9.
-14
Convert -13 (base 4) to base 3.
-21
What is 99 (base 13) in base 4?
1332
2 (base 4) to base 15
2
What is -26 (base 15) in base 7?
-51
-225 (base 9) to base 6
-505
Convert -48 (base 13) to base 4.
-330
What is -151 (base 6) in base 8?
-103
What is 4 (base 14) in base 12?
4
Convert -12 (base 3) to base 14.
-5
Convert -5 (base 9) to base 6.
-5
What is -18 (base 15) in base 9?
-25
0 (base 2) to base 11
0
Convert d (base 15) to base 12.
11
Convert 7 (base 14) to base 16.
7
121 (base 4) to base 9
27
What is 1 (base 4) in base 5?
1
Convert 3 (base 4) to base 10.
3
-3a (base 15) to base 4
-313
Convert 21 (base 4) to base 2.
1001
Convert -3 (base 9) to base 15.
-3
1 (base 14) to base 15
1
What is -2 (base 3) in base 6?
-2
Convert -50 (base 12) to base 3.
-2020
82 (base 10) to base 13
64
Convert 1 (base 3) to base 11.
1
What is -1010 (base 2) in base 5?
-20
Convert 1 (base 4) to base 3.
1
What is -13 (base 4) in base 10?
-7
What is 2 (base 4) in base 8?
2
What is -6 (base 11) in base 8?
-6
Convert -3 (base 10) to base 8.
-3
8 (base 16) to base 6
12
Convert 1010 (base 2) to base 7.
13
What is 100 (base 7) in base 8?
61
Convert 169 (base 10) to base 2.
10101001
What is c (base 15) in base 4?
30
Convert -5 (base 6) to base 13.
-5
What is -44 (base 5) in base 11?
-22
What is 4 (base 16) in base 7?
4
What is 14 (base 7) in base 8?
13
Convert -46 (base 13) to base 10.
-58
What is -5 (base 9) in base 13?
-5
What is 4 (base 10) in base 14?
4
What is 267 (base 8) in base 14?
d1
Convert -13 (base 12) to base 2.
-1111
Convert -2 (base 4) to base 13.
-2
-23 (base 15) to base 14
-25
What is 1221 (base 3) in base 16?
34
What is -130 (base 4) in base 14?
-20
Convert 40 (base 14) to base 13.
44
-1 (base 6) to base 9
-1
Convert 4 (base 9) to base 2.
100
What is 0 (base 15) in base 6?
0
Convert 5 (base 7) to base 12.
5
11000 (base 3) to base 10
108
Convert -36 (base 16) to base 13.
-42
What is -3 (base 7) in base 16?
-3
-2 (base 13) to base 12
-2
What is 0 (base 13) in base 16?
0
2 (base 6) to base 12
2
462 (base 7) to base 2
11110000
What is -5 (base 16) in base 7?
-5
3 (base 16) to base 15
3
Convert -3 (base 13) to base 11.
-3
What is -bd (base 14) in base 6?
-435
-102 (base 5) to base 7
-36
Convert -135 (base 6) to base 15.
-3e
-2102 (base 4) to base 7
-266
1 (base 5) to base 14
1
-5 (base 8) to base 13
-5
Convert 10 (base 3) to base 10.
3
Convert -25 (base 11) to base 10.
-27
What is -130 (base 6) in base 4?
-312
192 (base 10) to base 3
21010
dc (base 15) to base 5
1312
Convert -13 (base 5) to base 15.
-8
125 (base 7) to base 5
233
-142 (base 7) to base 12
-67
-35 (base 7) to base 13
-20
4 (base 5) to base 8
4
Convert 2 (base 12) to base 2.
10
What is 3 (base 15) in base 6?
3
What is -30 (base 12) in base 7?
-51
Convert -11112 (base 3) to base 13.
-95
Convert -a (base 14) to base 15.
-a
Convert -28 (base 16) to base 12.
-34
Convert -7 (base 15) to base 12.
-7
Convert 22 (base 4) to base 8.
12
Convert 122 (base 8) to base 13.
64
What is -3 (base 12) in base 14?
-3
What is -2 (base 10) in base 11?
-2
Convert 15 (base 15) to base 16.
14
-512 (base 6) to base 11
-161
What is 2 (base 14) in base 3?
2
What is -203 (base 4) in base 6?
-55
2 (base 7) to base 10
2
Convert 3a (base 12) to base 9.
51
-2 (base 16) to base 4
-2
Convert -104 (base 7) to base 8.
-65
Convert -1 (base 2) to base 5.
-1
2 (base 4) to base 16
2
Convert 111 (base 4) to base 10.
21
-19 (base 13) to base 2
-10110
Convert 141 (base 5) to base 12.
3a
-2 (base 9) to base 2
-10
Convert 10 (base 5) to base 3.
12
Convert -3e (base 15) to base 14.
-43
8 (base 16) to base 15
8
-23 (base 8) to base 12
-17
What is 21 (base 8) in base 13?
14
Convert -1c (base 16) to base 11.
-26
Convert -1 (base 2) to base 16.
-1
2 (base 16) to base 8
2
What is 3 (base 7) in base 4?
3
What is 3 (base 13) in base 6?
3
Convert 353 (base 7) to base 13.
113
What is -1143 (base 5) in base 3?
-20102
What is -2 (base 9) in base 15?
-2
100100 (base 2) to base 5
121
254 (base 6) to base 12
8a
Convert 5 (base 14) to base 7.
5
a (base 11) to base 5
20
-3132 (base 4) to base 12
-166
-10 (base 3) to base 4
-3
What is 33 (base 5) in base 11?
17
111 (base 4) to base 3
210
-316 (base 8) to base 11
-178
What is -1230 (base 4) in base 16?
-6c
1 (base 11) to base 2
1
What is 10 (base 16) in base 6?
24
Convert -30 (base 5) to base 16.
-f
What is 3 (base 6) in base 4?
3
What is -12 (base 7) in base 4?
-21
-2110 (base 4) to base 3
-12111
-3 (base 9) to base 6
-3
-115 (base 6) to base 5
-142
What is -2 (base 13) in base 7?
-2
What is 112 (base 4) in base 5?
42
34 (base 5) to base 15
14
355 (base 7) to base 9
227
237 (base 10) to base 12
179
1000 (base 3) to base 7
36
-10001 (base 2) to base 16
-11
Convert -1 (base 8) to base 10.
-1
What is -3 (base 10) in base 14?
-3
Convert -6 (base 15) to base 10.
-6
-13 (base 13) to base 12
-14
160 (base 12) to base 7
426
Convert 3 (base 11) to base 7.
3
-5 (base 9) to base 15
-5
What is 1 (base 5) in base 16?
1
Convert 4c (base 16) to base 11.
6a
Convert 0 (base 7) to base 13.
0
25 (base 9) to base 12
1b
Convert 100 (base 5) to base 13.
1c
Convert -116 (base 8) to base 5.
-303
What is -4 (base 13) in base 7?
-4
-303 (base 4) to base 6
-123
What is 100110 (base 2) in base 11?
35
What is 1122 (base 3) in base 13?
35
Convert 203 (base 6) to base 2.
1001011
c (base 14) to base 4
30
What is a (base 16) in base 15?
a
Convert 523 (base 6) to base 9.
236
What is -206 (base 13) in base 6?
-1332
What is -2 (base 16) in base 15?
-2
Convert -2 (base 13) to base 14.
-2
What is -21 (base 6) in base 13?
-10
Convert -78 (base 12) to base 15.
-62
What is -1d (base 15) in base 2?
-11100
Convert -86 (base 11) to base 6.
-234
Convert 101010 (base 2) to base 16.
2a
1010 (base 2) to base 15
a
-1033 (base 5) to base 2
-10001111
What is 122 (base 10) in base 3?
11112
What is -4 (base 9) in base 2?
-100
-132 (base 4) to base 15
-20
10 (base 2) to base 6
2
What is -642 (base 7) in base 4?
-11010
What is 0 (base 12) in base 8?
0
-192 (base 15) to base 11
-2aa
-12 (base 14) to base 7
-22
What is 333 (base 5) in base 